the greatest common factor of u and b.
58
Let t be 7*(34 - 20 - 9). Let n(j) = 34*j**3 + 2*j - 1. Let g be n(1). What is the highest common factor of t and g?
35
Suppose -23*q - 30 = -4*v - 21*q, 5*v - q - 27 = 0. Let w be 1/(-4) - 82/(-8). Calculate the greatest common divisor of w and v.
2
Let r = 912 - 612. What is the greatest common factor of 36 and r?
12
Suppose 2*v - 2*w = 738, -74*v + 5*w = -77*v + 1067. Calculate the greatest common divisor of 16 and v.
4
Suppose -2*h = -8*h - 42. Let r(y) = 8*y + 36. Let n be r(h). Let q be (105/(-25))/(2/n). Calculate the highest common factor of 6 and q.
6
Let y(z) be the first derivative of 30 + 1/2*z**2 - 18*z + 1/4*z**4 - 4/3*z**3. Let v be y(6). What is the highest common divisor of v and 80?
20
Let f = 37 + -9. Suppose 14*u = -6*u + 18720. Let n = 1006 - u. What is the highest common divisor of n and f?
14
Let n(y) = y**3 + 19*y**2 + 16*y - 26. Suppose 3*h + 57 = -0*t + t, 5*h + 5*t = -75. Let w be n(h). What is the highest common divisor of 100 and w?
10
Let q(d) = 4*d**2 + 5*d - 7. Let f be q(-3). Let w = f + -28. Let s = 22 + w. Calculate the greatest common divisor of 2 and s.
2
Suppose -3*h + c + 8 + 4 = 0, 3*h = 5*c. Suppose h = -r + 7. Suppose -15*q = r*q - 663. What is the highest common factor of 52 and q?
13
Let r(v) = v**2 - 6*v + 3. Let m be r(-6). Let w = -41 - -37. Let o = 46 - w. Calculate the highest common factor of m and o.
25
Let m = -7566 + 7678. Suppose -q + 72 = 5*k, -q + 58 = -k + 5*k. Calculate the highest common divisor of k and m.
14
Suppose -5*j = -4*j - 15. Suppose 0 = -s + 3, 3 = 3*z - s - j. Suppose -4*l + z*l - 45 = 0. What is the highest common factor of l and 135?
15
Let z(k) = k**2 + 10*k - 4*k + 2*k. Let p be z(-8). Suppose p = -4*q + 2*q + 20. Calculate the greatest common factor of q and 30.
10
Suppose -23*t - 477 = -76*t. Calculate the greatest common divisor of t and 1143.
9
Let k be ((-9)/12)/((-2)/104). Let n be (-2*(-2)/14)/(28/588). Calculate the greatest common factor of k and n.
3
Let u be -7410*5/(-10) - (6 - 0). What is the highest common factor of u and 274?
137
Suppose 457 = 16*j + 57. Calculate the greatest common divisor of 5750 and j.
25
Let f be (-3)/(1*(-1)/21). Suppose 247 - f = 4*r. What is the greatest common factor of 23 and r?
23
Suppose -3*a + 72*u = 70*u - 197, -108 = -2*a + 3*u. Let f = 23 - 8. Calculate the greatest common divisor of a and f.
15
Let l(z) = -z**3 - 24*z**2 + 63*z + 24. Let r be l(-26). Let m = r + 586. Calculate the highest common factor of m and 18.
18
Let k(o) be the first derivative of 9*o**2/2 - 6*o - 17. Let j be k(4). Let h be (j/(-3))/(3 + -5). Calculate the highest common factor of 10 and h.
5
Let a = -84 - -88. Suppose -a*k = k - 25. Suppose -z + 35 = -5*i, -109 = -k*z + 3*i + 110. What is the greatest common factor of 5 and z?
5
Let o = -31454 + 33848. Calculate the greatest common factor of 475 and o.
19
Let y be (-23 + (10 - 6))/(2 + -1). Let v(l) = -l**3 - 19*l**2 - 7*l - 37. Let n be v(y). What is the highest common divisor of n and 6?
6
Suppose -85*r + 816 = 3*g - 83*r, -4*g + 1092 = 4*r. What is the highest common factor of 684 and g?
18
Suppose l + 4*l - 10 = 0. Let y(s) = -3*s + 1 + 0*s**2 + 0*s**2 + 2*s**l + 165*s**3. Let p be y(1). Calculate the greatest common factor of 15 and p.
15
Suppose 89536 - 16592 = 94*t. What is the highest common factor of 8 and t?
8
Let x = 5387 + -5057. What is the greatest common factor of 30 and x?
30
Let q(z) = -33*z + 280. Let u be q(-46). What is the highest common divisor of 31 and u?
31
Let a(l) = 5*l**2 - 2*l + 1. Let y be a(-3). Suppose 0 = -d - 54*d - 39*d + 1222. Calculate the greatest common divisor of d and y.
13
Suppose -785 - 51 = -22*s. Calculate the greatest common factor of 1786 and s.
38
Let a be (-2*2/5)/(4/10). Let b be (102 - 1) + 3 + -1 + a. Let j = b + -83. Calculate the greatest common factor of j and 72.
18
Let j(s) = s**3 - 4*s**2 + 3*s. Let i be j(5). Let b = 92 - i. Suppose 0 = 5*f - 4*g - 85, -13 = 3*g + 2. Calculate the highest common factor of b and f.
13
Suppose 1194 = 11*u - 511. Suppose 12*h - 8*h = 124. Calculate the highest common factor of u and h.
31
Let a be ((-2)/(-4))/((3/4)/3). Let l(j) = 8 + j**3 + j**a - 2*j**2 - 3*j**2 + 8. Let b be l(4). Calculate the highest common divisor of b and 48.
16
Suppose 4*r - 107 - 253 = 0. Suppose 5*m - 295 = 3*q + 262, 2*q + 363 = -5*m. Let j be 2/(-5) + (-2)/20*q. Calculate the highest common divisor of j and r.
18
Let k be -3 - (-6 + (7 - 6)). Suppose -k*m + 311 = -q, -508 = -3*m - 2*q - 38. What is the highest common divisor of 24 and m?
12
Let j = 5802 + -5672. What is the highest common factor of 12090 and j?
130
Let x be 184*(-10 - (-715)/26). What is the highest common factor of x and 280?
140
Suppose 4*p - 112 = -20. Let i be 1598/10 - (2 - (-33)/(-15)). Let m = -114 + i. Calculate the greatest common divisor of p and m.
23
Suppose -4*x + 222 = 2*o, -5*o = -4*x - 3*o + 218. Let l be x*(14/(-2) - (-4 - 0)). Let h = l - -285. Calculate the highest common divisor of 48 and h.
24
Suppose -97 - 308 = 9*d. Let m = -26 - d. Let a = 72 + -34. What is the highest common divisor of a and m?
19
Let z(a) = -a**2 - 1008*a + 7317. Let p be z(0). Calculate the highest common divisor of 135 and p.
27
Let g = -28 + 31. Let y be 4 + (-3 - (1 - g)). Let n be ((-2)/y)/((-6)/225). What is the highest common divisor of n and 175?
25
Let v(n) = 6*n**2 - n + 1. Let z be v(0). Let h be z + 165/6 + (-5)/10. What is the highest common divisor of 7 and h?
7
Suppose -2*h + 59*d + 64 = 63*d, -2*d + 74 = 2*h. What is the greatest common divisor of h and 7616?
14
Let f = 15093 + -12417. Calculate the highest common divisor of f and 24.
12
Let o = 476 + -400. Suppose -79*z + 2628 = -o*z. What is the greatest common factor of z and 12?
12
Let a = 12 + -27. Let g be (-200)/a*(-12)/(-10). Suppose 0 = -35*c + 270 + 2530. Calculate the highest common divisor of c and g.
16
Let g(i) = 6*i**3 - 253*i**2 + 45*i + 51. Let x be g(42). What is the highest common factor of x and 1593?
177
Let z(b) = -151*b - 58. Let j be z(-7). Suppose -423 = 9*w - j. Calculate the highest common factor of 2 and w.
2
Let x(d) = 2*d - 20. Let t be x(5). Let y be (-2)/t - (-2078)/10. Let u = y + -87. Calculate the greatest common divisor of 11 and u.
11
Suppose 60953*z - 60938*z - 46650 = 0. What is the greatest common factor of z and 10?
10
Let p(c) = -70*c. Let z be p(-1). Let b(i) = -i**2 + 22*i - 30. Let u be b(20). What is the highest common divisor of u and z?
10
Let o(v) = -16*v - 31. Let a be o(12). Let i = 234 + a. What is the greatest common factor of 77 and i?
11
Let v be (1 + 173)*(-10 + (-2618)/(-28)). What is the highest common factor of 87 and v?
87
Suppose -16*x = 28*x. Let r(q) = -20*q + 33. Let y be r(x). Calculate the greatest common factor of y and 176.
11
Suppose -2*y + 10 + 4 = 5*m, 0 = -y - m + 7. Let b be (-2 - -4)*(-14)/(-4). Calculate the greatest common divisor of b and y.
7
Let s be (-24)/(-3)*(-1 + (-18)/(-6)). Calculate the greatest common factor of 3328 and s.
16
Let f be ((-26)/(-4))/(1/2). Suppose 0 = 7*v - 9*v + 208. Suppose -733*g + 732*g = -v. What is the highest common factor of f and g?
13
Let r(i) = -42*i - 57 + 6*i - 11*i. Let b be r(-3). What is the greatest common factor of b and 126?
42
Let y = -109 - -97. Let v be (-1 + 169)*y/32*-4. Calculate the highest common divisor of v and 28.
28
Suppose 2*z + 4 = 8. Suppose 5*j + 2*s - 1757 = 0, -z*j - s + 3*s = -700. Calculate the highest common divisor of j and 27.
27
Let v(i) = i**3 + 9*i**2 + 8*i + 4. Let a be ((1 - 8)*-2)/(-2). Let z be v(a). Let h = z - 43. Calculate the highest common factor of h and 3.
3
Let w = 21242 - 21187. Calculate the greatest common divisor of 32725 and w.
55
Suppose 5*c = -2*y - 3 + 18, 0 = -3*y - c + 42. Suppose -y*v + 345 = -12*v. What is the highest common factor of v and 5?
5
Let m(o) = -o**2 - 122369*o - 6 + 12 + 122352*o + 5. Let g be m(-16). What is the highest common divisor of 27 and g?
27
Let w(v) = -21*v - 5. Suppose 37 = 2*s + t + 97, -4*t - 112 = 4*s. Let l be w(s). Calculate the greatest common divisor of l and 23.
23
Suppose -7*r + 13208 = 4*j, -975*r + 971*r + 9906 = 3*j. What is the highest common divisor of 7